. Suppose -2*x + x + 29 = 3*a, 57 = 2*x + 5*a. What is the remainder when x is divided by g?
8
Let q(w) = 36*w + 204. What is the remainder when 44 is divided by q(-5)?
20
Let r(x) = -8*x - 3. Suppose -h + 0 = 3. Let d(q) = q**2 - 7*q + 9. Calculate the remainder when d(10) is divided by r(h).
18
Suppose 4*s + 18 = 2*i, -4*s - 3 = 4*i - 63. Suppose -i*x + 84 = -11*x. What is the remainder when x is divided by 11?
9
Let n = 30 + -19. Let z(o) = 248*o + 268. Calculate the remainder when z(-1) is divided by n.
9
Suppose -r + 4*r - 33 = 0. Calculate the remainder when 18/4*(-11)/((-297)/234) is divided by r.
6
Suppose 26*b - 23 = 419. What is the remainder when b is divided by 7?
3
Let i(f) = -f**3 + 13*f**2 + f - 9. Let g be i(13). Suppose -g*s + 16 = -2*s. Let x = -111 + 134. Calculate the remainder when x is divided by s.
7
What is the remainder when 145 is divided by 0 + ((-40)/(56/7) - -20)?
10
Let s(g) = g**3 - 5*g**2 + 2*g - 2. Calculate the remainder when 357 is divided by s(5).
5
Let q(g) = -24*g + 251. Calculate the remainder when 223 is divided by q(6).
9
Suppose 4*x - 327 = -3*y, 5*x = y - 0*y - 128. Calculate the remainder when y is divided by 36.
5
Let n(z) = -186*z + 25. What is the remainder when n(-2) is divided by 50?
47
Let z = -94 - -561. Calculate the remainder when z is divided by 94.
91
Let z(b) = -b + 11. Suppose 0 = -132*p + 5748 + 984. What is the remainder when p is divided by z(0)?
7
Let w(v) = v**2 - 7*v + 4. Calculate the remainder when (-10)/((-7)/(98/4)) is divided by w(8).
11
Suppose 5 + 13 = y + x, -4*y + x + 47 = 0. Suppose -y*j = -15*j + 44. Calculate the remainder when (9 - 0)/(33/154) is divided by j.
20
Suppose 6*a + 77 = 13*a. What is the remainder when 73 is divided by a?
7
Let o(n) = -3*n**2 - 21*n - 2. What is the remainder when o(-6) is divided by 12?
4
Suppose 3*w + 4*d - 74 = 0, 10 = -3*w + d + 59. Suppose 9*g - w = 3*g. What is the remainder when 8 is divided by g?
2
Suppose 2*o = -3*p + 34, 2*o + 0*o - 34 = -2*p. Suppose i - o = q + 6, 0 = 4*q - 20. What is the remainder when 164 is divided by i?
24
Suppose -5*d = 2*p - 61, 0 = p + 3*p + d - 77. Suppose p = -8*w + 6*w. Let n(z) = z**3 + 9*z**2 + 6. Calculate the remainder when n(w) is divided by 4.
2
Let o = 495 - 456. What is the remainder when 935 is divided by o?
38
Let h(g) be the second derivative of g + 1/12*g**4 + 5/6*g**3 + 0 + 3*g**2. Calculate the remainder when 22 is divided by h(-6).
10
Suppose -93 = -16*a + 163. What is the remainder when 413 is divided by a?
13
Suppose -3*u - 9 = -6*u. Let y = u - -1. Suppose -5 = 5*m, -y*m - 199 = -3*c - 2*c. What is the remainder when 154 is divided by c?
37
Let r(k) = -k**2 - 12*k - 14. Let u = -24 - -41. What is the remainder when u is divided by r(-10)?
5
Suppose 3*o - 2*v = 2*v - 110, v + 214 = -5*o. Let k = o - -75. Let h = k + -23. Calculate the remainder when 17 is divided by h.
7
Let s(p) be the third derivative of p**4/24 + 2*p**3 - 4*p**2. Let z be (-1)/7 - 12/(-84). What is the remainder when 34 is divided by s(z)?
10
Let h(k) = k**2 - 2*k + 2. Let b be h(-5). Let g = b + -21. Calculate the remainder when 656/22 + 20/110 is divided by g.
14
Suppose 0 = 6*b - 8 - 136. Let l(d) = -d + 1. Let r(i) = 8*i + 7. Let w(g) = 6*l(g) - r(g). What is the remainder when b is divided by w(-1)?
11
Let j(d) = -d**2 + 7. Let k be j(-3). What is the remainder when k/8 + (-2536)/(-32) is divided by 23?
10
Suppose u - d + 37 = -46, 0 = -4*u - 4*d - 332. Let q = -57 - u. Calculate the remainder when 50 is divided by q.
24
Suppose -11*l + 1998 = 7*l. Calculate the remainder when l is divided by 32.
15
Suppose -5*g + 9 = 3*y, 6*y + 8 = 2*y. Let l be (-1)/g*0 + 9. Suppose -4*f + 4*i + 80 = 0, -l - 6 = -5*i. What is the remainder when f is divided by 6?
5
Suppose -4*u = 3*b - 37, -3*u + 2*b - 3*b + 24 = 0. Suppose u*v - 86 = 96. What is the remainder when v is divided by 3?
2
Let u(a) = 49*a - 314. Calculate the remainder when 86 is divided by u(7).
28
Suppose 3*o + n - 244 = 6*n, 5*n = -o + 108. Suppose -502 = -5*x + o. Calculate the remainder when x is divided by 30.
28
Let p(k) = -9*k + 8. Let u be p(-6). Let f = u + -32. Calculate the remainder when 118 is divided by f.
28
Calculate the remainder when ((-6996)/(-176))/((-3)/(-4)) is divided by 29.
24
Let b be (-9*2/(-6))/(6/(-8)). What is the remainder when 50 is divided by (47 + (2 - -3))*(-1)/b?
11
Let r(d) = d**3 - 4*d**2 + 2*d - 4. Suppose -4*n + 45 = 29. What is the remainder when 6 + -1 - 0/(-2) is divided by r(n)?
1
Suppose -5*h = -4*v - 904, -241 - 111 = -2*h + 4*v. Calculate the remainder when 89 is divided by (21/(-7))/21 + h/14.
11
Suppose -3*c = -197 - 13. Let f = c + -43. What is the remainder when f is divided by (-2)/7 - 144/(-14)?
7
Let h(d) be the second derivative of d**4/12 - 7*d**3/6 - 41*d**2/2 + 13*d + 1. Let u(r) = 7*r - 1. Calculate the remainder when h(13) is divided by u(3).
17
Let t(r) = r**3 - 12*r**2 + 32*r - 68. What is the remainder when t(14) is divided by 25?
22
Let z(r) = 5*r**2 - 2*r - 6. Let u = -21 + 90. Let c = u - 36. What is the remainder when z(-5) is divided by c?
30
Suppose -25*m + 1068 = -6957. What is the remainder when m is divided by 54?
51
Let w(o) = 4*o**2 + 2*o - 3. Suppose -3*t - 1 = -h + 5, 2*h = 4*t + 6. Calculate the remainder when 107 is divided by w(h).
26
Let l(v) = 2*v**2 + 4*v. Suppose -7*h = -6*h + 45. What is the remainder when h/(-3) - (6 + -2) is divided by l(-3)?
5
Let q be (0 - 2)*(-4 - 8). Let s = q - 11. What is the remainder when 127 is divided by s?
10
Let o = -11 + 14. Suppose f + f = -o*x + 16, 5*x + 3*f = 27. Suppose 2*j = -j + 63. Calculate the remainder when j is divided by x.
3
Let g(z) = -2*z**3 - 2*z**2 - z + 9. Let o be g(-3). Suppose -2*t = t - 9, -4*t + o = 3*h. What is the remainder when 21 is divided by h?
9
Let g = 1 - -4. Let x(b) = b**2 - 2*b - 6. Let y be 4*2/2*(0 - 1). Calculate the remainder when x(y) is divided by g.
3
Let n be ((-14)/(-4))/(3/6). Suppose -14 = -4*f - 3*f. Suppose f*k - k = n. What is the remainder when 20 is divided by k?
6
Let u = -43 + 73. Let g = 55 - u. Let x = -33 - -82. What is the remainder when x is divided by g?
24
Let s be 2*(-825)/(-10)*1. Suppose -3 = -j, -q + 5*j - s = -6*q. What is the remainder when q is divided by 16?
14
Let w be -54 + (-2 - -18)/4. Suppose 0 = -2*f - b + 166, 2*f - 83 = f - 2*b. Let n = f + w. What is the remainder when n is divided by 9?
6
Calculate the remainder when 93 is divided by -3 + ((-6)/8)/((-4)/48).
3
Let c(q) = 11*q - 1. Let i(n) = -2 + 5*n + 0*n - 4*n - 5 + 2*n**2. What is the remainder when c(1) is divided by i(2)?
1
Suppose 3*r = r. Let g be (3 - (-14)/(-4))*r. Suppose g = -2*b - b + 33. What is the remainder when b is divided by 3?
2
What is the remainder when 106 is divided by -15*(-4)/10*(-9 + 10)?
4
Suppose -4*j + 9*j + 20 = 0, 4*k - 32 = -5*j. Calculate the remainder when 2/4 + (-179)/(-2) is divided by k.
12
Suppose 12*d - 171 + 15 = 0. Let k(m) = 11*m**2 + 3*m. Let b be k(-2). Suppose 0 = r - 2*r + b. What is the remainder when r is divided by d?
12
Calculate the remainder when 10/2 + (-53 - -113) is divided by 36.
29
Suppose -4*u = -j - 2, 4*j + 2 = -4*u + 34. What is the remainder when (130/j)/((-15)/(-45)) is divided by 34?
31
Calculate the remainder when 335 is divided by -2 + (-16)/(-10) + (-1944)/(-135).
13
Calculate the remainder when 87 is divided by ((-3)/9)/((-9)/459).
2
Suppose 14*i = 30*i - 960. What is the remainder when 110 is divided by i?
50
Let k(j) = j**2 + 5*j - 39. Calculate the remainder when 16 is divided by k(5).
5
Let q(u) = u**2 - 12*u - 17. Let n be q(17). Suppose -3*b = 2*h - 0*h - n, -72 = -2*h - 4*b. Calculate the remainder when 250 is divided by h.
26
Let y = 242 - 121. What is the remainder when y is divided by 41?
39
Let h = -1158 - -1225. What is the remainder when 114 is divided by h?
47
Suppose 23980*x - 182 = 23966*x. Suppose 3*a = 2*u - 12, 0*u + 5*u - 4*a = 37. Calculate the remainder when x is divided by u.
4
Suppose -3*f = -27 - 9. Let b = 1271 - 1248. Calculate the remainder when b is divided by f.
11
Let m(h) = -h - 2. Let b be m(-6). Suppose -2*a = 2 - 12, 45 = 5*s - b*a. What is the remainder when 15/(-10)*(-40)/3 is divided by s?
7
Let f = 80 + -66. Le